{"id":6,"date":"2014-05-19T10:17:09","date_gmt":"2014-05-19T09:17:09","guid":{"rendered":"http:\/\/wamabi.be\/papymamy\/?page_id=6"},"modified":"2014-10-10T10:34:03","modified_gmt":"2014-10-10T08:34:03","slug":"residence-du-grand-fa","status":"publish","type":"page","link":"https:\/\/papymamy.wamabi.be\/?page_id=6","title":{"rendered":"R\u00e9sidence do Grand Fa"},"content":{"rendered":"<p><strong>Galerie<\/strong><\/p>\n<style id=\"bwg-style-0\">    #bwg_container1_0 #bwg_container2_0 .bwg-container-0.bwg-standard-thumbnails {      width: 904px;              justify-content: center;        margin:0 auto !important;              background-color: rgba(255, 255, 255, 0.00);            padding-left: 4px;      padding-top: 4px;      max-width: 100%;            }        #bwg_container1_0 #bwg_container2_0 .bwg-container-0.bwg-standard-thumbnails .bwg-item {    justify-content: flex-start;      max-width: 180px;            width: 180px !important;          }    #bwg_container1_0 #bwg_container2_0 .bwg-container-0.bwg-standard-thumbnails .bwg-item a {       margin-right: 4px;       margin-bottom: 4px;    }    #bwg_container1_0 #bwg_container2_0 .bwg-container-0.bwg-standard-thumbnails .bwg-item0 {      padding: 0px;            background-color:rgba(255,255,255, 0.30);      border: 0px none #CCCCCC;      opacity: 1.00;      border-radius: 0;      box-shadow: 0px 0px 0px #888888;    }    #bwg_container1_0 #bwg_container2_0 .bwg-container-0.bwg-standard-thumbnails .bwg-item1 img {      max-height: none;      max-width: none;      padding: 0 !important;    }        @media only screen and (min-width: 480px) {      #bwg_container1_0 #bwg_container2_0 .bwg-container-0.bwg-standard-thumbnails .bwg-item0 {        transition: all 0.3s ease 0s;-webkit-transition: all 0.3s ease 0s;      }      #bwg_container1_0 #bwg_container2_0 .bwg-container-0.bwg-standard-thumbnails .bwg-item0:hover {        -ms-transform: scale(1.1);        -webkit-transform: scale(1.1);        transform: scale(1.1);      }    }          #bwg_container1_0 #bwg_container2_0 .bwg-container-0.bwg-standard-thumbnails .bwg-item1 {      padding-top: 50%;    }        #bwg_container1_0 #bwg_container2_0 .bwg-container-0.bwg-standard-thumbnails .bwg-title2,    #bwg_container1_0 #bwg_container2_0 .bwg-container-0.bwg-standard-thumbnails .bwg-ecommerce2 {      color: #CCCCCC;      font-family: segoe ui;      font-size: 16px;      font-weight: bold;      padding: 2px;      text-shadow: 0px 0px 0px #888888;      max-height: 100%;    }    #bwg_container1_0 #bwg_container2_0 .bwg-container-0.bwg-standard-thumbnails .bwg-thumb-description span {    color: #323A45;    font-family: Ubuntu;    font-size: 12px;    max-height: 100%;    word-wrap: break-word;    }    #bwg_container1_0 #bwg_container2_0 .bwg-container-0.bwg-standard-thumbnails .bwg-play-icon2 {      font-size: 32px;    }    #bwg_container1_0 #bwg_container2_0 .bwg-container-0.bwg-standard-thumbnails .bwg-ecommerce2 {      font-size: 19.2px;      color: #CCCCCC;    }    <\/style>    <div id=\"bwg_container1_0\"         class=\"bwg_container bwg_thumbnail bwg_thumbnails \"         data-right-click-protection=\"0\"         data-bwg=\"0\"         data-scroll=\"0\"         data-gallery-type=\"thumbnails\"         data-gallery-view-type=\"thumbnails\"         data-current-url=\"\/index.php?rest_route=%2Fwp%2Fv2%2Fpages%2F6\"         data-lightbox-url=\"https:\/\/papymamy.wamabi.be\/wp-admin\/admin-ajax.php?action=GalleryBox&#038;current_view=0&#038;gallery_id=19&#038;tag=0&#038;theme_id=1&#038;shortcode_id=0&#038;sort_by=order&#038;order_by=asc&#038;current_url=%2Findex.php%3Frest_route%3D%252Fwp%252Fv2%252Fpages%252F6\"         data-gallery-id=\"19\"         data-popup-width=\"800\"         data-popup-height=\"500\"         data-is-album=\"gallery\"         data-buttons-position=\"bottom\">      <div id=\"bwg_container2_0\">             <div id=\"ajax_loading_0\" class=\"bwg_loading_div_1\">      <div class=\"bwg_loading_div_2\">        <div class=\"bwg_loading_div_3\">          <div id=\"loading_div_0\" class=\"bwg_spider_ajax_loading\">          <\/div>        <\/div>      <\/div>    <\/div>            <form id=\"gal_front_form_0\"              class=\"bwg-hidden\"              method=\"post\"              action=\"#\"              data-current=\"0\"              data-shortcode-id=\"0\"              data-gallery-type=\"thumbnails\"              data-gallery-id=\"19\"              data-tag=\"0\"              data-album-id=\"0\"              data-theme-id=\"1\"              data-ajax-url=\"https:\/\/papymamy.wamabi.be\/wp-admin\/admin-ajax.php?action=bwg_frontend_data\">          <div id=\"bwg_container3_0\" class=\"bwg-background bwg-background-0\">                <div data-max-count=\"5\"         data-thumbnail-width=\"180\"         data-bwg=\"0\"         data-gallery-id=\"19\"         data-lightbox-url=\"https:\/\/papymamy.wamabi.be\/wp-admin\/admin-ajax.php?action=GalleryBox&amp;current_view=0&amp;gallery_id=19&amp;tag=0&amp;theme_id=1&amp;shortcode_id=0&amp;sort_by=order&amp;order_by=asc&amp;current_url=%2Findex.php%3Frest_route%3D%252Fwp%252Fv2%252Fpages%252F6\"         id=\"bwg_thumbnails_0\"         class=\"bwg-container-0 bwg-thumbnails bwg-standard-thumbnails bwg-container bwg-border-box\">            <div class=\"bwg-item\">        <a class=\"bwg-a \"  data-elementor-open-lightbox=\"no\">                <div class=\"bwg-item0 \">          <div class=\"bwg-item1 \">            <div class=\"bwg-item2\">              <img decoding=\"async\" class=\"skip-lazy bwg_standart_thumb_img_0 \"                   data-id=\"234\"                   data-width=\"\"                   data-height=\"\"                   data-src=\"https:\/\/papymamy.wamabi.be\/wp-content\/uploads\/photo-gallery\/thumb\/g014.JPG\"                   src=\"https:\/\/papymamy.wamabi.be\/wp-content\/uploads\/photo-gallery\/thumb\/g014.JPG\"                   alt=\"g014\"                   title=\"g014\" \/>            <\/div>            <div class=\"\">                                                      <\/div>          <\/div>        <\/div>                        <\/a>              <\/div>            <div class=\"bwg-item\">        <a class=\"bwg-a \"  data-elementor-open-lightbox=\"no\">                <div class=\"bwg-item0 \">          <div class=\"bwg-item1 \">            <div class=\"bwg-item2\">              <img decoding=\"async\" class=\"skip-lazy bwg_standart_thumb_img_0 \"                   data-id=\"233\"                   data-width=\"\"                   data-height=\"\"                   data-src=\"https:\/\/papymamy.wamabi.be\/wp-content\/uploads\/photo-gallery\/thumb\/g013.JPG\"                   src=\"https:\/\/papymamy.wamabi.be\/wp-content\/uploads\/photo-gallery\/thumb\/g013.JPG\"                   alt=\"g013\"                   title=\"g013\" \/>            <\/div>            <div class=\"\">                                                      <\/div>          <\/div>        <\/div>                        <\/a>              <\/div>            <div class=\"bwg-item\">        <a class=\"bwg-a \"  data-elementor-open-lightbox=\"no\">                <div class=\"bwg-item0 \">          <div class=\"bwg-item1 \">            <div class=\"bwg-item2\">              <img decoding=\"async\" class=\"skip-lazy bwg_standart_thumb_img_0 \"                   data-id=\"232\"                   data-width=\"\"                   data-height=\"\"                   data-src=\"https:\/\/papymamy.wamabi.be\/wp-content\/uploads\/photo-gallery\/thumb\/g012.JPG\"                   src=\"https:\/\/papymamy.wamabi.be\/wp-content\/uploads\/photo-gallery\/thumb\/g012.JPG\"                   alt=\"g012\"                   title=\"g012\" \/>            <\/div>            <div class=\"\">                                                      <\/div>          <\/div>        <\/div>                        <\/a>              <\/div>            <div class=\"bwg-item\">        <a class=\"bwg-a \"  data-elementor-open-lightbox=\"no\">                <div class=\"bwg-item0 \">          <div class=\"bwg-item1 \">            <div class=\"bwg-item2\">              <img decoding=\"async\" class=\"skip-lazy bwg_standart_thumb_img_0 \"                   data-id=\"231\"                   data-width=\"\"                   data-height=\"\"                   data-src=\"https:\/\/papymamy.wamabi.be\/wp-content\/uploads\/photo-gallery\/thumb\/g011.JPG\"                   src=\"https:\/\/papymamy.wamabi.be\/wp-content\/uploads\/photo-gallery\/thumb\/g011.JPG\"                   alt=\"g011\"                   title=\"g011\" \/>            <\/div>            <div class=\"\">                                                      <\/div>          <\/div>        <\/div>                        <\/a>              <\/div>            <div class=\"bwg-item\">        <a class=\"bwg-a \"  data-elementor-open-lightbox=\"no\">                <div class=\"bwg-item0 \">          <div class=\"bwg-item1 \">            <div class=\"bwg-item2\">              <img decoding=\"async\" class=\"skip-lazy bwg_standart_thumb_img_0 \"                   data-id=\"230\"                   data-width=\"\"                   data-height=\"\"                   data-src=\"https:\/\/papymamy.wamabi.be\/wp-content\/uploads\/photo-gallery\/thumb\/g010.JPG\"                   src=\"https:\/\/papymamy.wamabi.be\/wp-content\/uploads\/photo-gallery\/thumb\/g010.JPG\"                   alt=\"g010\"                   title=\"g010\" \/>            <\/div>            <div class=\"\">                                                      <\/div>          <\/div>        <\/div>                        <\/a>              <\/div>            <div class=\"bwg-item\">        <a class=\"bwg-a \"  data-elementor-open-lightbox=\"no\">                <div class=\"bwg-item0 \">          <div class=\"bwg-item1 \">            <div class=\"bwg-item2\">              <img decoding=\"async\" class=\"skip-lazy bwg_standart_thumb_img_0 \"                   data-id=\"229\"                   data-width=\"\"                   data-height=\"\"                   data-src=\"https:\/\/papymamy.wamabi.be\/wp-content\/uploads\/photo-gallery\/thumb\/g009.JPG\"                   src=\"https:\/\/papymamy.wamabi.be\/wp-content\/uploads\/photo-gallery\/thumb\/g009.JPG\"                   alt=\"g009\"                   title=\"g009\" \/>            <\/div>            <div class=\"\">                                                      <\/div>          <\/div>        <\/div>                        <\/a>              <\/div>            <div class=\"bwg-item\">        <a class=\"bwg-a \"  data-elementor-open-lightbox=\"no\">                <div class=\"bwg-item0 \">          <div class=\"bwg-item1 \">            <div class=\"bwg-item2\">              <img decoding=\"async\" class=\"skip-lazy bwg_standart_thumb_img_0 \"                   data-id=\"228\"                   data-width=\"\"                   data-height=\"\"                   data-src=\"https:\/\/papymamy.wamabi.be\/wp-content\/uploads\/photo-gallery\/thumb\/g008.JPG\"                   src=\"https:\/\/papymamy.wamabi.be\/wp-content\/uploads\/photo-gallery\/thumb\/g008.JPG\"                   alt=\"g008\"                   title=\"g008\" \/>            <\/div>            <div class=\"\">                                                      <\/div>          <\/div>        <\/div>                        <\/a>              <\/div>            <div class=\"bwg-item\">        <a class=\"bwg-a \"  data-elementor-open-lightbox=\"no\">                <div class=\"bwg-item0 \">          <div class=\"bwg-item1 \">            <div class=\"bwg-item2\">              <img decoding=\"async\" class=\"skip-lazy bwg_standart_thumb_img_0 \"                   data-id=\"227\"                   data-width=\"\"                   data-height=\"\"                   data-src=\"https:\/\/papymamy.wamabi.be\/wp-content\/uploads\/photo-gallery\/thumb\/g007.JPG\"                   src=\"https:\/\/papymamy.wamabi.be\/wp-content\/uploads\/photo-gallery\/thumb\/g007.JPG\"                   alt=\"g007\"                   title=\"g007\" \/>            <\/div>            <div class=\"\">                                                      <\/div>          <\/div>        <\/div>                        <\/a>              <\/div>            <div class=\"bwg-item\">        <a class=\"bwg-a \"  data-elementor-open-lightbox=\"no\">                <div class=\"bwg-item0 \">          <div class=\"bwg-item1 \">            <div class=\"bwg-item2\">              <img decoding=\"async\" class=\"skip-lazy bwg_standart_thumb_img_0 \"                   data-id=\"226\"                   data-width=\"\"                   data-height=\"\"                   data-src=\"https:\/\/papymamy.wamabi.be\/wp-content\/uploads\/photo-gallery\/thumb\/g006.JPG\"                   src=\"https:\/\/papymamy.wamabi.be\/wp-content\/uploads\/photo-gallery\/thumb\/g006.JPG\"                   alt=\"g006\"                   title=\"g006\" \/>            <\/div>            <div class=\"\">                                                      <\/div>          <\/div>        <\/div>                        <\/a>              <\/div>            <div class=\"bwg-item\">        <a class=\"bwg-a \"  data-elementor-open-lightbox=\"no\">                <div class=\"bwg-item0 \">          <div class=\"bwg-item1 \">            <div class=\"bwg-item2\">              <img decoding=\"async\" class=\"skip-lazy bwg_standart_thumb_img_0 \"                   data-id=\"225\"                   data-width=\"\"                   data-height=\"\"                   data-src=\"https:\/\/papymamy.wamabi.be\/wp-content\/uploads\/photo-gallery\/thumb\/g005.JPG\"                   src=\"https:\/\/papymamy.wamabi.be\/wp-content\/uploads\/photo-gallery\/thumb\/g005.JPG\"                   alt=\"g005\"                   title=\"g005\" \/>            <\/div>            <div class=\"\">                                                      <\/div>          <\/div>        <\/div>                        <\/a>              <\/div>            <div class=\"bwg-item\">        <a class=\"bwg-a \"  data-elementor-open-lightbox=\"no\">                <div class=\"bwg-item0 \">          <div class=\"bwg-item1 \">            <div class=\"bwg-item2\">              <img decoding=\"async\" class=\"skip-lazy bwg_standart_thumb_img_0 \"                   data-id=\"224\"                   data-width=\"\"                   data-height=\"\"                   data-src=\"https:\/\/papymamy.wamabi.be\/wp-content\/uploads\/photo-gallery\/thumb\/g004.JPG\"                   src=\"https:\/\/papymamy.wamabi.be\/wp-content\/uploads\/photo-gallery\/thumb\/g004.JPG\"                   alt=\"g004\"                   title=\"g004\" \/>            <\/div>            <div class=\"\">                                                      <\/div>          <\/div>        <\/div>                        <\/a>              <\/div>            <div class=\"bwg-item\">        <a class=\"bwg-a \"  data-elementor-open-lightbox=\"no\">                <div class=\"bwg-item0 \">          <div class=\"bwg-item1 \">            <div class=\"bwg-item2\">              <img decoding=\"async\" class=\"skip-lazy bwg_standart_thumb_img_0 \"                   data-id=\"223\"                   data-width=\"\"                   data-height=\"\"                   data-src=\"https:\/\/papymamy.wamabi.be\/wp-content\/uploads\/photo-gallery\/thumb\/g003.JPG\"                   src=\"https:\/\/papymamy.wamabi.be\/wp-content\/uploads\/photo-gallery\/thumb\/g003.JPG\"                   alt=\"g003\"                   title=\"g003\" \/>            <\/div>            <div class=\"\">                                                      <\/div>          <\/div>        <\/div>                        <\/a>              <\/div>            <div class=\"bwg-item\">        <a class=\"bwg-a \"  data-elementor-open-lightbox=\"no\">                <div class=\"bwg-item0 \">          <div class=\"bwg-item1 \">            <div class=\"bwg-item2\">              <img decoding=\"async\" class=\"skip-lazy bwg_standart_thumb_img_0 \"                   data-id=\"222\"                   data-width=\"\"                   data-height=\"\"                   data-src=\"https:\/\/papymamy.wamabi.be\/wp-content\/uploads\/photo-gallery\/thumb\/g002.JPG\"                   src=\"https:\/\/papymamy.wamabi.be\/wp-content\/uploads\/photo-gallery\/thumb\/g002.JPG\"                   alt=\"g002\"                   title=\"g002\" \/>            <\/div>            <div class=\"\">                                                      <\/div>          <\/div>        <\/div>                        <\/a>              <\/div>            <div class=\"bwg-item\">        <a class=\"bwg-a \"  data-elementor-open-lightbox=\"no\">                <div class=\"bwg-item0 \">          <div class=\"bwg-item1 \">            <div class=\"bwg-item2\">              <img decoding=\"async\" class=\"skip-lazy bwg_standart_thumb_img_0 \"                   data-id=\"221\"                   data-width=\"\"                   data-height=\"\"                   data-src=\"https:\/\/papymamy.wamabi.be\/wp-content\/uploads\/photo-gallery\/thumb\/g001.JPG\"                   src=\"https:\/\/papymamy.wamabi.be\/wp-content\/uploads\/photo-gallery\/thumb\/g001.JPG\"                   alt=\"g001\"                   title=\"g001\" \/>            <\/div>            <div class=\"\">                                                      <\/div>          <\/div>        <\/div>                        <\/a>              <\/div>            <div class=\"bwg-item\">        <a class=\"bwg-a \"  data-elementor-open-lightbox=\"no\">                <div class=\"bwg-item0 \">          <div class=\"bwg-item1 \">            <div class=\"bwg-item2\">              <img decoding=\"async\" class=\"skip-lazy bwg_standart_thumb_img_0 \"                   data-id=\"220\"                   data-width=\"\"                   data-height=\"\"                   data-src=\"https:\/\/papymamy.wamabi.be\/wp-content\/uploads\/photo-gallery\/thumb\/g000.JPG\"                   src=\"https:\/\/papymamy.wamabi.be\/wp-content\/uploads\/photo-gallery\/thumb\/g000.JPG\"                   alt=\"g000\"                   title=\"g000\" \/>            <\/div>            <div class=\"\">                                                      <\/div>          <\/div>        <\/div>                        <\/a>              <\/div>          <\/div>    <style>      \/*pagination styles*\/      #bwg_container1_0 #bwg_container2_0 .tablenav-pages_0 {\t\t\t\ttext-align: center;\t\t\t\tfont-size: 12px;\t\t\t\tfont-family: segoe ui;\t\t\t\tfont-weight: bold;\t\t\t\tcolor: #666666;\t\t\t\tmargin: 6px 0 4px;\t\t\t\tdisplay: block;      }      @media only screen and (max-width : 320px) {      #bwg_container1_0 #bwg_container2_0 .displaying-num_0 {     \t display: none;      }      }      #bwg_container1_0 #bwg_container2_0 .displaying-num_0 {\t\t\t\tfont-size: 12px;\t\t\t\tfont-family: segoe ui;\t\t\t\tfont-weight: bold;\t\t\t\tcolor: #666666;\t\t\t\tmargin-right: 10px;\t\t\t\tvertical-align: middle;      }      #bwg_container1_0 #bwg_container2_0 .paging-input_0 {\t\t\t\tfont-size: 12px;\t\t\t\tfont-family: segoe ui;\t\t\t\tfont-weight: bold;\t\t\t\tcolor: #666666;\t\t\t\tvertical-align: middle;      }      #bwg_container1_0 #bwg_container2_0 .tablenav-pages_0 a.disabled,      #bwg_container1_0 #bwg_container2_0 .tablenav-pages_0 a.disabled:hover,      #bwg_container1_0 #bwg_container2_0 .tablenav-pages_0 a.disabled:focus,\t\t\t#bwg_container1_0 #bwg_container2_0 .tablenav-pages_0 input.bwg_current_page {\t\t\t\tcursor: default;\t\t\t\tcolor: rgba(102, 102, 102, 0.5);      }      #bwg_container1_0 #bwg_container2_0 .tablenav-pages_0 a,      #bwg_container1_0 #bwg_container2_0 .tablenav-pages_0 input.bwg_current_page {\t\t\t\tcursor: pointer;\t\t\t\ttext-align: center;\t\t\t\tfont-size: 12px;\t\t\t\tfont-family: segoe ui;\t\t\t\tfont-weight: bold;\t\t\t\tcolor: #666666;\t\t\t\ttext-decoration: none;\t\t\t\tpadding: 3px 6px;\t\t\t\tmargin: 0;\t\t\t\tborder-radius: 0;\t\t\t\tborder-style: solid;\t\t\t\tborder-width: 1px;\t\t\t\tborder-color: #E3E3E3;\t\t\t\t\t\t\t\tbackground-color: rgba(255, 255, 255, 1.00);\t\t\t\tbox-shadow: 0;\t\t\t\ttransition: all 0.3s ease 0s;-webkit-transition: all 0.3s ease 0s;      }      <\/style>      <span class=\"bwg_nav_cont_0\">              <div class=\"tablenav-pages_0\">                  <\/div>                <input type=\"hidden\" id=\"page_number_0\" name=\"page_number_0\" value=\"1\" \/>      <script type=\"text\/javascript\">        if( jQuery('.bwg_nav_cont_0').length > 1 ) {          jQuery('.bwg_nav_cont_0').first().remove()        }        function spider_page_0(cur, x, y, load_more) {          if (typeof load_more == \"undefined\") {            var load_more = false;          }          if (jQuery(cur).hasClass('disabled')) {            return false;          }          var items_county_0 = 1;          switch (y) {            case 1:              if (x >= items_county_0) {                document.getElementById('page_number_0').value = items_county_0;              }              else {                document.getElementById('page_number_0').value = x + 1;              }              break;            case 2:              document.getElementById('page_number_0').value = items_county_0;              break;            case -1:              if (x == 1) {                document.getElementById('page_number_0').value = 1;              }              else {                document.getElementById('page_number_0').value = x - 1;              }              break;            case -2:              document.getElementById('page_number_0').value = 1;              break;\t\t\t\t\t\tcase 0:              document.getElementById('page_number_0').value = x;              break;            default:              document.getElementById('page_number_0').value = 1;          }          bwg_ajax('gal_front_form_0', '0', 'bwg_thumbnails_0', '0', '', 'gallery', 0, '', '', load_more, '', 1);        }                    jQuery('.first-page-0').on('click', function () {              spider_page_0(this, 1, -2, 'numeric');              return false;            });            jQuery('.prev-page-0').on('click', function () {              spider_page_0(this, 1, -1, 'numeric');              return false;            });            jQuery('.next-page-0').on('click', function () {              spider_page_0(this, 1, 1, 'numeric');              return false;            });            jQuery('.last-page-0').on('click', function () {              spider_page_0(this, 1, 2, 'numeric');              return false;            });        \t\t\t\t\/* Change page on input enter. *\/        function bwg_change_page_0( e, that ) {          if (  e.key == 'Enter' ) {            var to_page = parseInt(jQuery(that).val());            var pages_count = jQuery(that).parents(\".pagination-links\").data(\"pages-count\");            var current_url_param = jQuery(that).attr('data-url-info');            if (to_page > pages_count) {              to_page = 1;            }\t \t\t\t\t\t\t\t\t\t\t\t\tspider_page_0(this, to_page, 0, 'numeric');\t\t\t\t\t\t\treturn false;\t\t\t\t\t\t          }          return true;        }        jQuery('.bwg_load_btn_0').on('click', function () {            spider_page_0(this, 1, 1, true);            return false;        });      <\/script>      <\/span>                <\/div>        <\/form>              <\/div>    <\/div>    <script>      if (document.readyState === 'complete') {        if( typeof bwg_main_ready == 'function' ) {          if ( jQuery(\"#bwg_container1_0\").height() ) {            bwg_main_ready(jQuery(\"#bwg_container1_0\"));          }        }      } else {        document.addEventListener('DOMContentLoaded', function() {          if( typeof bwg_main_ready == 'function' ) {            if ( jQuery(\"#bwg_container1_0\").height() ) {             bwg_main_ready(jQuery(\"#bwg_container1_0\"));            }          }        });      }    <\/script>    \n<p><strong>Localisation <\/strong>en cours de description<strong><br \/>\n<\/strong><\/p>\n<p>&nbsp;<\/p>\n<p><strong>Type d&rsquo;\u00e9tablissement : <\/strong>maison de repos et de soins (MRS)<\/p>\n<p><strong>Capacit\u00e9 d&rsquo;accueil\u00a0 :<\/strong> 68 personnes<\/p>\n<p><strong>Activit\u00e9s sur place : <\/strong>en cours de description<\/p>\n<p><strong>A disposition des h\u00f4tes : <\/strong>jardin, ordinateurs tactiles<\/p>\n<p><strong>Activit\u00e9s \u00e0 proximit\u00e9 :\u00a0<\/strong> Parc des tanneries, expositions au Malmundarium, animations par la biblioth\u00e8que-ludoth\u00e8que, formations par l&rsquo;espace public num\u00e9rique<\/p>\n<p><strong>Contacts et renseignements : <\/strong><br \/>\nIsabelle DEWARD, directrice<strong><br \/>\n<\/strong>Place des Arsiliers, 1<br \/>\n4960 Malmedy<br \/>\n<img loading=\"lazy\" decoding=\"async\" src=\"http:\/\/www.malmedy.be\/images\/icones\/telephone.gif\" alt=\"\" width=\"16\" height=\"16\" border=\"0\" \/> 080 \/ 440 790<br \/>\n<img loading=\"lazy\" decoding=\"async\" src=\"http:\/\/www.malmedy.be\/images\/icones\/email.gif\" alt=\"\" width=\"16\" height=\"16\" align=\"absmiddle\" border=\"0\" \/> <a href=\"mailto:isabelle.deward@publilink.be\" target=\"_blank\">isabelle.deward@publilink.be<\/a><\/p>\n<p>&nbsp;<br \/>\nPour consulter tous les articles du Home du Grand Fa:\u00a0<a href=\"http:\/\/papymamy.wamabi.be\/?cat=2\" target=\"_blank\">ici<\/a><\/p>\n","protected":false},"excerpt":{"rendered":"<p>Galerie Localisation en cours de description &nbsp; Type d&rsquo;\u00e9tablissement : maison de repos et de soins (MRS) Capacit\u00e9 d&rsquo;accueil\u00a0 : 68 personnes Activit\u00e9s sur place : en cours de description A disposition des h\u00f4tes : jardin, ordinateurs tactiles Activit\u00e9s \u00e0 proximit\u00e9 :\u00a0 Parc des tanneries, expositions au Malmundarium, animations par la biblioth\u00e8que-ludoth\u00e8que, formations par l&rsquo;espace &hellip; <a href=\"https:\/\/papymamy.wamabi.be\/?page_id=6\" class=\"more-link\">Continuer la lecture de <span class=\"screen-reader-text\">R\u00e9sidence do Grand Fa<\/span> <span class=\"meta-nav\">&rarr;<\/span><\/a><\/p>\n","protected":false},"author":1,"featured_media":0,"parent":16,"menu_order":0,"comment_status":"open","ping_status":"open","template":"","meta":{"_seopress_robots_primary_cat":"","_seopress_titles_title":"","_seopress_titles_desc":"","_seopress_robots_index":"","_monsterinsights_skip_tracking":false,"_monsterinsights_sitenote_active":false,"_monsterinsights_sitenote_note":"","_monsterinsights_sitenote_category":0,"footnotes":""},"class_list":["post-6","page","type-page","status-publish","hentry"],"_links":{"self":[{"href":"https:\/\/papymamy.wamabi.be\/index.php?rest_route=\/wp\/v2\/pages\/6","targetHints":{"allow":["GET"]}}],"collection":[{"href":"https:\/\/papymamy.wamabi.be\/index.php?rest_route=\/wp\/v2\/pages"}],"about":[{"href":"https:\/\/papymamy.wamabi.be\/index.php?rest_route=\/wp\/v2\/types\/page"}],"author":[{"embeddable":true,"href":"https:\/\/papymamy.wamabi.be\/index.php?rest_route=\/wp\/v2\/users\/1"}],"replies":[{"embeddable":true,"href":"https:\/\/papymamy.wamabi.be\/index.php?rest_route=%2Fwp%2Fv2%2Fcomments&post=6"}],"version-history":[{"count":10,"href":"https:\/\/papymamy.wamabi.be\/index.php?rest_route=\/wp\/v2\/pages\/6\/revisions"}],"predecessor-version":[{"id":643,"href":"https:\/\/papymamy.wamabi.be\/index.php?rest_route=\/wp\/v2\/pages\/6\/revisions\/643"}],"up":[{"embeddable":true,"href":"https:\/\/papymamy.wamabi.be\/index.php?rest_route=\/wp\/v2\/pages\/16"}],"wp:attachment":[{"href":"https:\/\/papymamy.wamabi.be\/index.php?rest_route=%2Fwp%2Fv2%2Fmedia&parent=6"}],"curies":[{"name":"wp","href":"https:\/\/api.w.org\/{rel}","templated":true}]}}